
Let f(y) = -y**2 - 8*y - 5. Let j be f(-5). Let c(n) = -3*n - 17. Let b be c(-14). What is the greatest common divisor of b and j?
5
Let s be ((-10)/(-4))/((-2)/28). Let f(a) = 2*a - 11. Let w be f(0). Let r = w - s. Calculate the highest common factor of 8 and r.
8
Suppose 0 = -5*r - 4*a + 21, 2*r + 5*a - 15 = -2*r. Suppose 3*h = -2 - 1. Let p be (20 - (h - 2)) + 2. What is the highest common factor of r and p?
5
Let x(y) = -y - 1. Let o be x(-1). Let s(c) = -4*c + o*c**3 - c - 7 + c**3 - 7*c**2. Let q be s(8). Calculate the greatest common divisor of 17 and q.
17
Suppose -55 + 155 = 10*s. Calculate the highest common factor of 10 and s.
10
Let o = -39 - -47. What is the highest common divisor of 72 and o?
8
Let k(c) = c**3 - 15*c**2 + c + 2. Let s be k(15). Let u be (2 + 0)*(-119)/(-2). What is the greatest common divisor of u and s?
17
Suppose -3*j + 9 = -45. What is the highest common factor of j and 162?
18
Suppose 0 = 3*m + m. Let a = 8 - m. Let h = -59 - -99. Calculate the highest common divisor of a and h.
8
Let t = -28 + 43. Let r(o) be the third derivative of 61*o**6/120 - o**4/12 + o**3/6 - 2*o**2. Let l be r(1). What is the greatest common factor of t and l?
15
Suppose -4*q + 36 = 2*c, 0 = -0*q - 4*q + 8. Let t = -36 - -57. Calculate the highest common factor of c and t.
7
Let d be 2 + 2 + 2 + 2. Calculate the greatest common divisor of 16 and d.
8
Suppose -2*g = -7*g + 240. Let j = 78 - g. Let k be 3 + (-15)/20*-12. What is the highest common factor of j and k?
6
Let z = 395 - 173. Let c = -150 + z. Let q(a) = 18*a. Let j be q(1). What is the greatest common factor of j and c?
18
Suppose -5*m = -18 - 2. Let i be (-15)/m*32/(-6). What is the greatest common factor of 5 and i?
5
Suppose 5*o + j = 6 + 5, 4*o - 10 = -2*j. Suppose 5*v = l + 69, l - 5*l + 10 = o*v. Calculate the greatest common factor of 13 and v.
13
Let n be (-776)/(-12) - 7/(-21). Suppose 0*s - 4*o + 120 = 4*s, 3*o - 12 = 0. What is the highest common factor of s and n?
13
Let d = 8 - -2. Let a be ((-1)/3)/((-111)/18 - -6). Calculate the highest common factor of d and a.
2
Suppose 0 = 3*i + i - 168. Let b = -10 + 16. What is the greatest common divisor of b and i?
6
Let v = -1 - 1. Let g be 54/(-3)*v/3. Suppose 0 = -0*p - 2*p - 2*q + 218, 3*q - 3 = 0. What is the highest common factor of g and p?
12
Suppose 0 = 3*k - 8*k, -2*o = k. Suppose o = -5*y + 5*m + 25, 8*y - 19 = 3*y + 3*m. Let r be (y/4)/((-1)/(-22)). What is the highest common divisor of r and 88?
11
Suppose -3*o - 4*k = -200, -o + 5*k = -2*o + 63. What is the greatest common divisor of o and 17?
17
Let y(q) = -q + 4. Let l be y(2). Suppose -l*u = 3*i + 3*u + 26, -3*i = 2*u + 32. Let m be (-1341)/i + 1/4. Calculate the greatest common factor of 14 and m.
14
Let a = 145 - -40. Calculate the greatest common divisor of a and 37.
37
Let c(y) = -y**3 - 9*y**2 + 11*y + 14. Let v be c(-10). Let h be (31 - 3)*2/v. What is the highest common factor of h and 154?
14
Let k = 26 + -26. Let t(h) = -h + 2. Let x be t(-2). Suppose -2*u = 3*j - 4, -4*j - 4*u = -k - x. What is the highest common factor of 10 and j?
2
Suppose -f = -0 - 14. Let r = -49 + 105. Calculate the greatest common divisor of f and r.
14
Suppose -10*o + 261 = -89. Calculate the greatest common divisor of 10 and o.
5
Let c be 72/27 - 1/(-3). Suppose 25 = c*q - 17. What is the highest common divisor of 14 and q?
14
Let d be 106 + 0 - 2*1. Suppose 2 - 11 = -l + 4*j, 4*j - 56 = -4*l. What is the highest common divisor of d and l?
13
Let v(g) = g**3 + 5*g**2 - 2. Let n be v(-4). Let b = 4 - -3. What is the highest common factor of n and b?
7
Let o = -32 - -50. Calculate the highest common factor of o and 54.
18
Suppose -3*l + 312 = 2*a + l, -2*a = 3*l - 309. Let h be ((-28)/(-5))/((-4)/(-10)). Let r = 1 + h. What is the highest common factor of a and r?
15
Suppose -3*z + k + 44 = -k, k = 2*z - 28. Suppose -3*a = 3*v - 90, -2*v + z = 5*a - 36. Calculate the highest common divisor of v and 17.
17
Let a = -4 - -16. Let s(v) = 10*v. Let t be s(6). Calculate the highest common divisor of t and a.
12
Suppose -36*s + 35*s = -22. What is the highest common divisor of s and 22?
22
Suppose -3*r = 4*s, -r + 5*s = -3*r. Suppose 3*m + m = 4*v + 48, r = -4*v + 20. Calculate the highest common divisor of m and 153.
17
Let v be 0*3/(-6) + 0. Suppose c + 0*c - 4 = v. What is the greatest common factor of 4 and c?
4
Suppose 4*c = 2*b + 35 + 35, -20 = 4*b. Let q be 208*(3 - c/6). Calculate the highest common factor of q and 13.
13
Let d(a) = -3*a + 25. Let w be d(-9). What is the highest common factor of w and 13?
13
Let u = -5 - -26. Let b be ((-24)/32)/(((-5)/4)/5). Calculate the greatest common factor of b and u.
3
Suppose -10*n + 162 + 8 = 0. Let x be 543/4 - 1/(-4). What is the highest common divisor of x and n?
17
Let n(y) = y**3 + 3*y**2 - 2*y + 3. Let m be n(-4). Let h = 18 + m. Calculate the highest common divisor of 26 and h.
13
Let j be (8/12)/(4/6). Let z be 1*(2/j + 0). Suppose -5*g + z*g + 27 = 0. What is the greatest common divisor of 9 and g?
9
Suppose 2*f - 3*f + 22 = 5*t, 5*f = 4*t + 23. Let j(m) = -m**2 + 7*m + 8. Let x be j(f). Let k = 11 - 7. Calculate the highest common divisor of x and k.
4
Let w = -8 - -12. Suppose 0 = -4*m + w*q + 4, -5*m + q = -0*q - 9. Let n be -11*4/8*-4. Calculate the highest common divisor of m and n.
2
Let b be (3/1)/(7/126*6). Let p(l) = l**2 - 2*l - 6. Let j be p(-4). Calculate the greatest common factor of b and j.
9
Suppose 0 = -5*w - u + 10, 3*u + 0*u = -4*w + 19. Calculate the highest common factor of w and 1.
1
Let l = 15 + -12. Suppose 7 = l*p - 53. Calculate the greatest common divisor of 180 and p.
20
Suppose 2*c - 9 = 3*o, 0*c + 4*o = c - 2. Let x be 45/(-10)*(-16)/c. Calculate the highest common factor of 84 and x.
12
Suppose 3*q + 83 = 5*r, -2*r + 5*r = 3*q + 51. What is the highest common factor of 80 and r?
16
Suppose -5*v + 22 = c, 4*v - 39 = 4*c - 7. Suppose -4*w - 1 = -5, 3*u - 3*w - 162 = 0. Calculate the highest common divisor of v and u.
5
Suppose -2*z + 37 = -115. Suppose -q + 16 = r, -3*q - r + z - 20 = 0. Suppose 8 = -2*g + q. What is the highest common factor of 18 and g?
6
Let a be (-12)/(-48) + 67/4. Calculate the greatest common factor of 187 and a.
17
Suppose 5*v - k - k = 30, 0 = 2*v + 3*k - 12. What is the highest common factor of 3 and v?
3
Let u(v) = -21*v - 12. Let s be u(-7). Calculate the highest common factor of s and 54.
27
Suppose -87 - 163 = -10*w. Calculate the greatest common factor of w and 125.
25
Let f(s) = -3*s**3 - 2*s**2 - s. Let v be f(-1). Let b = v + 0. Let g be -15 + 27 - (-1 + -1). What is the greatest common factor of b and g?
2
Let v be -1 + 3 + 0/4. Let p be ((-52)/(-4) - v) + 2. Calculate the highest common factor of p and 26.
13
Let w be 29/2 + (-3)/6. Calculate the greatest common divisor of w and 2.
2
Suppose -2*q + 73 = 3*q - 2*y, q - 19 = -4*y. Suppose -9 = -3*x + q. What is the greatest common divisor of x and 8?
8
Suppose 6 = 3*l - l. Let n(s) = s - 7. Let a be n(l). Let p = a - -9. Calculate the highest common divisor of p and 20.
5
Let o(u) = 155*u - 25. Let r(y) = 13*y - 2. Let c(n) = 6*o(n) - 75*r(n). Let q be c(-1). What is the highest common factor of q and 9?
9
Suppose -5*i = -369 - 131. Let t be (6/(-5))/((-2)/i). Calculate the highest common divisor of t and 15.
15
Let h(m) = 5*m + 2. Let p be h(5). Suppose -3*y + 57 = 3*l, 2*l - 37 = y - 2. What is the greatest common divisor of p and l?
9
Let c(w) = 2*w**2 - 3*w + 14. Let q be c(6). What is the greatest common factor of q and 17?
17
Let i(r) = r**3 + 8*r**2 - 2*r - 7. Let g be i(-7). Calculate the greatest common factor of 14 and g.
14
Let s = 45 - 31. What is the greatest common divisor of s and 21?
7
Let a be -3 - -3 - 7 - 1. Let w = 2 - a. What is the greatest common divisor of 70 and w?
10
Suppose -2*l + 396 = -0*l. What is the highest common factor of l and 22?
22
Let a(w) = 2*w**3 - 5*w + 6*w + 0*w**3. Let d be a(1). Suppose 13 + 4 = m - d*q, 5*m = -3*q - 5. What is the highest common factor of m and 14?
2
Let w be 4 + -2 + 1 + 1. Suppose -n - w*n = -360. What is the highest common divisor of n and 9?
9
Let d(x) = -x**2 + 7*x + 7. Let f be d(6). Let t = f - 9. Let z(p) = 44*p**2 - p - 1. Let v 